9
Suppose -3*d + 22847 + 23500 = 3*a, 3*d = -4*a + 61801. List the prime factors of a.
2, 7727
Let t(g) = -76*g - 70. Let r be t(-5). Suppose -q - 57 = 2*d - r, 2*d = 0. What are the prime factors of q?
11, 23
Let h(a) = a**3 - 9*a**2 + 26*a - 29. Let l be h(4). Let q(n) be the second derivative of -13*n**3/6 - 11*n**2 + n. What are the prime factors of q(l)?
43
Let v(t) be the third derivative of t**6/120 + 41*t**5/60 - t**4/12 - 6*t**3 - 11*t**2. List the prime factors of v(-41).
2, 23
What are the prime factors of (459/(-45) + (4/(-5))/(-4))*-176?
2, 5, 11
Let w(i) = 16261*i + 845. List the prime factors of w(1).
2, 3, 2851
What are the prime factors of (-9820)/3*(-1 + 16/(-20))?
2, 3, 491
Let u be (-1232)/(-80) + 2/(-5). Suppose -3*r - u = -12. List the prime factors of (-7)/28 + (-745)/(-4) + r.
5, 37
Let q(y) = 4545*y**2 - 103*y - 206. What are the prime factors of q(-2)?
2, 3, 5, 101
Suppose 5*f + 4*y = 21925, -5*y = 3*f - 4418 - 8724. List the prime factors of f.
3, 7, 11, 19
Let l = 19228 - 16105. What are the prime factors of l?
3, 347
Let p(h) = -2*h + 31. Let u(q) = 3*q - 28. Let i(m) = 4*p(m) + 3*u(m). List the prime factors of i(44).
2, 3, 7
Let w(z) = 36*z - 27. Let f(p) = 72*p - 54. Let h(b) = 4*f(b) - 9*w(b). Let o(q) = 35*q - 26. Let r(a) = 2*h(a) + 3*o(a). What are the prime factors of r(5)?
3, 47
Let i(q) = -q**3 + 3*q**2 + 15*q + 43. Let f be i(-7). Suppose m - 5*v = -4*m + 530, -4*m + 2*v + f = 0. What are the prime factors of m?
2, 3
Let d = 35 - 5. Let y be (11 - d)/((-1)/1). Let f = 81 - y. List the prime factors of f.
2, 31
Let g be (-1 - -4)*(-4 - (-1473)/9). List the prime factors of (10 - -1 - 9)*g/2.
479
What are the prime factors of (2547 - -2)/((-43)/(-6) + 63/(-9))?
2, 3, 2549
Let p = -1525 - -2262. List the prime factors of p.
11, 67
Let o(w) = w - 2. Let v be o(2). Let s be -1 + -1 + 4 + v. What are the prime factors of (-1 + s)*-1 + 57?
2, 7
Let p(r) = 217*r + 5918. What are the prime factors of p(29)?
12211
Let q be 231/(-84) + 2/(-8). Let f be 2*q/6 - -3. Suppose -2*p + 3*l = f*p - 291, 3*p - 3*l - 219 = 0. What are the prime factors of p?
2, 3
Let g(x) = 8*x**2 + 27*x - 65. What are the prime factors of g(44)?
3, 7, 113
List the prime factors of ((-55)/(-15) - 5)*(-346734)/36.
2, 6421
Suppose -50 = -c + 79. Let w = 338 - c. What are the prime factors of w?
11, 19
List the prime factors of ((-32)/48)/((-36)/2256606).
11, 29, 131
Let b = 112 + -63. Let v(g) = -9 - 1 + b*g**3 + 10*g**2 - 50*g**3 + g. What are the prime factors of v(9)?
2, 5
Let m(h) = -h**2 - 10*h + 7. Let y be m(-9). Let o(i) = -i**3 + 19*i**2 + 8*i + 28. Let s be o(y). Suppose -7*q + s = -0*q. List the prime factors of q.
2, 3, 11
Let n = -31895 + 88050. What are the prime factors of n?
5, 11, 1021
Suppose -z - 4455 = -2*l, 13*l = 15*l + 2*z - 4464. What are the prime factors of l?
3, 743
Suppose 39 = -4*u + 27. What are the prime factors of -1 + 2/12*u*-794?
2, 3, 11
Suppose 17 - 44 = 3*q. Let g(t) = 4*t**2 + 10*t - 24. List the prime factors of g(q).
2, 3, 5, 7
Let d(j) = j**2 - 7*j + 13. Let i(y) = -3*y**2 + 20*y - 39. Let a(x) = -7*d(x) - 2*i(x). Let t be a(7). What are the prime factors of t*(-149)/(-2)*2?
149
Suppose 11*u - 299 = -2389. Let f = -49 - u. List the prime factors of f.
3, 47
Let q(t) = 33*t + 12674. What are the prime factors of q(-190)?
2, 1601
Suppose 30 = 2*a + 3*a. Suppose -1661 - 5071 = -17*q. Suppose -a*v = -10*v + q. List the prime factors of v.
3, 11
What are the prime factors of 28967/15 - 248/1860?
1931
List the prime factors of (5/(-10) + -1)/(21/(-87010)).
5, 11, 113
List the prime factors of 3*((-24302)/(-3) + 650/130).
24317
Let r be ((-16)/(-44))/(-2) - (-72)/33. Suppose 99 = -83*o + 80*o. List the prime factors of (4 - o)*((-1)/1 + r).
37
Suppose 11*r - 420852 = 69825. List the prime factors of r.
3, 14869
Suppose -11*q + 38*q = 137997. What are the prime factors of q?
19, 269
List the prime factors of (-5)/((-45)/6) - (-641861)/177.
3, 13, 31
Let i(y) = y**2 + 8*y + 11. Let b(o) be the first derivative of -o**2/2 - 9. Let h(n) = 3*b(n) + i(n). List the prime factors of h(-5).
11
Let q(w) = -112*w - 3. Let p(u) = -111*u - 3. Let m(x) = 6*p(x) - 5*q(x). Let r be (-21)/((-441)/(-56))*(-3)/(-2) + 3. What are the prime factors of m(r)?
103
Let b(l) = 5*l**2 + 3*l - 159. Let q be b(15). Suppose 1009*k - q*k = -1154. List the prime factors of k.
577
Suppose 1268*n = 1256*n + 246948. What are the prime factors of n?
13, 1583
Suppose -3*q = -2*i + 17623 + 7942, -2*q = 2*i - 25570. List the prime factors of i.
2, 17, 47
Let y be 36985/6 + 1/(-6). Suppose y + 31 = 7*r. What are the prime factors of r?
3, 5, 59
List the prime factors of (-323318)/(-8) + 0 + 9/36.
5, 59, 137
List the prime factors of (-393)/1179*1*-17067.
5689
Let j be 0*((5 - (0 - -2)) + -2). Suppose -37*r + 5*r + 7648 = j. What are the prime factors of r?
239
Let a be 4 + (-4 - -41) + (3 - 1). Suppose a = p + 36. Let r(m) = 3*m**2 - 11*m + 5. List the prime factors of r(p).
3, 5
Let x = -2210 - -3883. Let m = 419 + x. List the prime factors of m.
2, 523
Let r(m) = m**2 - 1. Let i(l) = -4*l**2 + 21*l + 47. Let z(v) = 4*v - 41. Let a be z(11). Let u(g) = a*r(g) + i(g). List the prime factors of u(19).
2, 41
Suppose 4*u + 3*z + 2 = 0, 0*u + 3*z + 4 = -2*u. Let j be 10/22 - 342/(-627). List the prime factors of 14 - (u/j + 2).
11
Suppose -254 = -8*s - 46. Let v be (-1)/(-3) - (-4 - s/(-6)). Suppose -31*q + 23*q + 760 = v. List the prime factors of q.
5, 19
List the prime factors of (-822552)/(-20) - ((-21)/(-28))/((-60)/32).
2, 53, 97
Suppose -2*t + t = 3*o - 56, 184 = 4*t + 2*o. Let q = t - 42. List the prime factors of q/2 + (12 - 11).
2
Suppose 4*j + 8414 = 2*c, 0 = -4*c - 0*j + 2*j + 16804. Suppose 11*a = -2*a + c. What are the prime factors of a?
17, 19
Let h = 277 + -295. List the prime factors of h*(258/(-12) - -4).
3, 5, 7
Let b(a) = 33*a**3 - 9*a**2 - a - 17. Let y(s) = -s**3 + 2*s**2 + s + 2. Let i(q) = 2*b(q) + 10*y(q). What are the prime factors of i(2)?
2, 229
Suppose u = -2*q - 13, 38 = -u - u + 2*q. List the prime factors of (1 - u)/(((-15)/34)/(-5)).
2, 3, 17
Let h(r) be the second derivative of r**5/20 - r**4/12 - r**3/2 - r**2 - r. Let b be h(0). Let n = b + 88. What are the prime factors of n?
2, 43
Suppose -23*x + 20*x = -5*l + 9, -2*l = -3*x. What are the prime factors of (103/x)/(25/50)?
103
Suppose 0 = -3*a - 292 + 46. What are the prime factors of (-2767)/(-13) - a/533?
3, 71
Suppose -33*h + 52*h + 6023 = 0. Let o = h + 572. List the prime factors of o.
3, 5, 17
Suppose h - 8547 = -5*i + 15082, 70952 = 3*h + 2*i. List the prime factors of h.
2, 11827
Let o = -551 + 554. Suppose 928 = r - 22*g + 17*g, g = o*r - 2742. List the prime factors of r.
11, 83
Let r(i) = -3*i**2 - 2*i + 14. Let q be r(-3). List the prime factors of 8/(-28) - 310/q.
2, 11
Suppose -4*r - 17*r = -67046 - 274750. What are the prime factors of r?
2, 13, 313
Suppose 12*k - 133 = -85. Suppose 3*l = -5*a + 3145, -3*a + l + k = -1897. What are the prime factors of a?
2, 79
Suppose 90*v + 809600 = 110*v. What are the prime factors of v?
2, 5, 11, 23
Suppose g + 541 = -5*b, 4*g - g + 5*b + 1643 = 0. Let r = 1095 + g. List the prime factors of r.
2, 17
Let i(f) = 4*f + 2 + 0*f - 31*f**3 - 3*f**2 - 5*f. Let u be i(-2). Let l = 415 - u. What are the prime factors of l?
5, 7
Let s = 31845 + -9181. List the prime factors of s.
2, 2833
Suppose -x + 43 = -5*q - 18, 2 = 2*x. Let k(s) = -s**2 - 14*s - 19. Let w be k(q). Suppose -w*z + 484 = -z. What are the prime factors of z?
11
Suppose -13 = -s - 117. Let r = 136 + s. What are the prime factors of r?
2
Let r = -3037 + 16537. What are the prime factors of r?
2, 3, 5
Let b(i) = -5*i**3 - 8*i**2 - 52*i - 73. What are the prime factors of b(-12)?
8039
Let a(v) = 1111*v**2 - 5*v - 7. Suppose 5*z - 14 + 39 = 4*k, -2*z - 4*k + 18 = 0. List the prime factors of a(z).
1109
Suppose 0 = 2242*s - 2228*s - 686980. What are the prime factors of s?
2, 5, 7, 701
Suppose 3*t + 4*k = -k - 3, -18 = 5*t + 4*k. Let v be (t + 1)/(34/1054). Let a = -38 - v. What are the prime factors of a?
3, 13
Let n = -1086 + 1084. Let b(x) be the third derivative of -x**6/24 + x**5/60 + x**4/6 - x**2. What are the prime factors of b(n)?
2, 3
Suppose -a 